{"id":10303,"date":"2026-03-01T00:53:56","date_gmt":"2026-02-28T23:53:56","guid":{"rendered":"https:\/\/lagreska.es\/?post_type=musicos&#038;p=10303"},"modified":"2026-03-01T00:54:26","modified_gmt":"2026-02-28T23:54:26","slug":"dj-pablo","status":"publish","type":"musicos","link":"https:\/\/lagreska.es\/ca\/musicos\/dj-pablo\/","title":{"rendered":"Dj Pablo"},"content":{"rendered":"<h2 class=\"wp-block-heading\">Pablo inici\u00f3 su carrera a principio de los a\u00f1os 90<\/h2>\n\n\n\n<p>Influenciado por las tendencias musicales de aquella \u00e9poca, recorri\u00f3 varias salas donde trabaj\u00f3 como deejay, speaker y light deejay.<br><br>Adem\u00e1s de su trabajo en las cabinas, Pablo ha sido director y presentador del programa de Radio Martorell \u00abCircuito Virtual\u00bb (1999 &#8211; 2016), consagr\u00e1ndose entre 2013 hasta la actualidad en \u00abScannerFM\u00bb.<br><br>Sus sesiones son frescas, divertidas y es capaz de adaptarse a cualquier p\u00fablico. Con su deejay set y su experiencia como speaker, aborda la mejor selecci\u00f3n de m\u00fasica actual sin dejar de lado los grandes cl\u00e1sicos.<\/p>\n\n\n\n<div id='gallery-1' class='gallery galleryid-10303 gallery-columns-5 gallery-size-thumbnail'><figure class='gallery-item'>\n\t\t\t<div class='gallery-icon landscape'>\n\t\t\t\t<a href='https:\/\/lagreska.es\/ca\/musicos\/dj-pablo\/deejays-6\/'><img loading=\"lazy\" decoding=\"async\" width=\"150\" height=\"150\" src=\"https:\/\/lagreska.es\/wp-content\/uploads\/2026\/03\/Deejays-6-150x150.jpg\" class=\"attachment-thumbnail size-thumbnail\" alt=\"\" \/><\/a>\n\t\t\t<\/div><\/figure><figure class='gallery-item'>\n\t\t\t<div class='gallery-icon landscape'>\n\t\t\t\t<a href='https:\/\/lagreska.es\/ca\/musicos\/dj-pablo\/djpablo23\/'><img loading=\"lazy\" decoding=\"async\" width=\"150\" height=\"150\" src=\"https:\/\/lagreska.es\/wp-content\/uploads\/2026\/03\/DjPablo23-150x150.jpg\" class=\"attachment-thumbnail size-thumbnail\" alt=\"\" \/><\/a>\n\t\t\t<\/div><\/figure><figure class='gallery-item'>\n\t\t\t<div class='gallery-icon landscape'>\n\t\t\t\t<a href='https:\/\/lagreska.es\/ca\/musicos\/dj-pablo\/djpablo27\/'><img loading=\"lazy\" decoding=\"async\" width=\"150\" height=\"150\" src=\"https:\/\/lagreska.es\/wp-content\/uploads\/2026\/03\/DjPablo27-150x150.jpg\" class=\"attachment-thumbnail size-thumbnail\" alt=\"\" \/><\/a>\n\t\t\t<\/div><\/figure><figure class='gallery-item'>\n\t\t\t<div class='gallery-icon landscape'>\n\t\t\t\t<a href='https:\/\/lagreska.es\/ca\/musicos\/dj-pablo\/djpablo26\/'><img loading=\"lazy\" decoding=\"async\" width=\"150\" height=\"150\" src=\"https:\/\/lagreska.es\/wp-content\/uploads\/2026\/03\/DjPablo26-150x150.jpg\" class=\"attachment-thumbnail size-thumbnail\" alt=\"\" \/><\/a>\n\t\t\t<\/div><\/figure><figure class='gallery-item'>\n\t\t\t<div class='gallery-icon landscape'>\n\t\t\t\t<a href='https:\/\/lagreska.es\/ca\/musicos\/dj-pablo\/captura-de-pantalla-2026-03-01-004807\/'><img loading=\"lazy\" decoding=\"async\" width=\"150\" height=\"150\" src=\"https:\/\/lagreska.es\/wp-content\/uploads\/2026\/03\/Captura-de-pantalla-2026-03-01-004807-150x150.jpg\" class=\"attachment-thumbnail size-thumbnail\" alt=\"\" srcset=\"https:\/\/lagreska.es\/wp-content\/uploads\/2026\/03\/Captura-de-pantalla-2026-03-01-004807-150x150.jpg 150w, https:\/\/lagreska.es\/wp-content\/uploads\/2026\/03\/Captura-de-pantalla-2026-03-01-004807-13x12.jpg 13w\" sizes=\"auto, (max-width: 150px) 100vw, 150px\" \/><\/a>\n\t\t\t<\/div><\/figure>\n\t\t<\/div>","protected":false},"featured_media":10307,"parent":0,"menu_order":0,"template":"","meta":{"_acf_changed":true,"_kad_blocks_custom_css":"","_kad_blocks_head_custom_js":"","_kad_blocks_body_custom_js":"","_kad_blocks_footer_custom_js":"","_kad_post_transparent":"","_kad_post_title":"","_kad_post_layout":"","_kad_post_sidebar_id":"","_kad_post_content_style":"","_kad_post_vertical_padding":"","_kad_post_feature":"","_kad_post_feature_position":"","_kad_post_header":false,"_kad_post_footer":false,"_kad_post_classname":""},"estilo":[49],"class_list":["post-10303","musicos","type-musicos","status-publish","has-post-thumbnail","hentry","estilo-discomobil"],"acf":[],"yoast_head":"<!-- This site is optimized with the Yoast SEO plugin v26.7 - https:\/\/yoast.com\/wordpress\/plugins\/seo\/ -->\n<title>Dj Pablo - La Greska Espectacles<\/title>\n<meta name=\"robots\" content=\"index, follow, max-snippet:-1, max-image-preview:large, max-video-preview:-1\" \/>\n<link rel=\"canonical\" href=\"https:\/\/lagreska.es\/ca\/musicos\/dj-pablo\/\" \/>\n<meta property=\"og:locale\" content=\"ca_ES\" \/>\n<meta property=\"og:type\" content=\"article\" \/>\n<meta property=\"og:title\" content=\"Dj Pablo - La Greska Espectacles\" \/>\n<meta property=\"og:description\" content=\"Pablo inici\u00f3 su carrera a principio de los a\u00f1os 90 Influenciado por las tendencias musicales de aquella \u00e9poca, recorri\u00f3 varias salas donde trabaj\u00f3 como deejay, speaker y light deejay. Adem\u00e1s de su trabajo en las cabinas, Pablo ha sido director y presentador del programa de Radio Martorell \u00abCircuito Virtual\u00bb (1999 &#8211; 2016), consagr\u00e1ndose entre 2013...\" \/>\n<meta property=\"og:url\" content=\"https:\/\/lagreska.es\/ca\/musicos\/dj-pablo\/\" \/>\n<meta property=\"og:site_name\" content=\"La Greska Espectacles\" \/>\n<meta property=\"article:modified_time\" content=\"2026-02-28T23:54:26+00:00\" \/>\n<meta property=\"og:image\" content=\"https:\/\/lagreska.es\/wp-content\/uploads\/2026\/03\/Captura-de-pantalla-2026-03-01-004807.jpg\" \/>\n\t<meta property=\"og:image:width\" content=\"727\" \/>\n\t<meta property=\"og:image:height\" content=\"697\" \/>\n\t<meta property=\"og:image:type\" content=\"image\/jpeg\" \/>\n<meta name=\"twitter:card\" content=\"summary_large_image\" \/>\n<meta name=\"twitter:label1\" content=\"Temps estimat de lectura\" \/>\n\t<meta name=\"twitter:data1\" content=\"1 minut\" \/>\n<script type=\"application\/ld+json\" class=\"yoast-schema-graph\">{\"@context\":\"https:\/\/schema.org\",\"@graph\":[{\"@type\":\"WebPage\",\"@id\":\"https:\/\/lagreska.es\/musicos\/dj-pablo\/\",\"url\":\"https:\/\/lagreska.es\/musicos\/dj-pablo\/\",\"name\":\"Dj Pablo - La Greska Espectacles\",\"isPartOf\":{\"@id\":\"https:\/\/lagreska.es\/#website\"},\"primaryImageOfPage\":{\"@id\":\"https:\/\/lagreska.es\/musicos\/dj-pablo\/#primaryimage\"},\"image\":{\"@id\":\"https:\/\/lagreska.es\/musicos\/dj-pablo\/#primaryimage\"},\"thumbnailUrl\":\"https:\/\/lagreska.es\/wp-content\/uploads\/2026\/03\/Captura-de-pantalla-2026-03-01-004807.jpg\",\"datePublished\":\"2026-02-28T23:53:56+00:00\",\"dateModified\":\"2026-02-28T23:54:26+00:00\",\"breadcrumb\":{\"@id\":\"https:\/\/lagreska.es\/musicos\/dj-pablo\/#breadcrumb\"},\"inLanguage\":\"ca\",\"potentialAction\":[{\"@type\":\"ReadAction\",\"target\":[\"https:\/\/lagreska.es\/musicos\/dj-pablo\/\"]}]},{\"@type\":\"ImageObject\",\"inLanguage\":\"ca\",\"@id\":\"https:\/\/lagreska.es\/musicos\/dj-pablo\/#primaryimage\",\"url\":\"https:\/\/lagreska.es\/wp-content\/uploads\/2026\/03\/Captura-de-pantalla-2026-03-01-004807.jpg\",\"contentUrl\":\"https:\/\/lagreska.es\/wp-content\/uploads\/2026\/03\/Captura-de-pantalla-2026-03-01-004807.jpg\",\"width\":727,\"height\":697},{\"@type\":\"BreadcrumbList\",\"@id\":\"https:\/\/lagreska.es\/musicos\/dj-pablo\/#breadcrumb\",\"itemListElement\":[{\"@type\":\"ListItem\",\"position\":1,\"name\":\"Portada\",\"item\":\"https:\/\/lagreska.es\/ca\/\"},{\"@type\":\"ListItem\",\"position\":2,\"name\":\"Dj Pablo\"}]},{\"@type\":\"WebSite\",\"@id\":\"https:\/\/lagreska.es\/#website\",\"url\":\"https:\/\/lagreska.es\/\",\"name\":\"La Greska Espectacles\",\"description\":\"Agencia de animaci\u00f3n de fiestas y eventos en Sabadell\",\"publisher\":{\"@id\":\"https:\/\/lagreska.es\/#organization\"},\"potentialAction\":[{\"@type\":\"SearchAction\",\"target\":{\"@type\":\"EntryPoint\",\"urlTemplate\":\"https:\/\/lagreska.es\/?s={search_term_string}\"},\"query-input\":{\"@type\":\"PropertyValueSpecification\",\"valueRequired\":true,\"valueName\":\"search_term_string\"}}],\"inLanguage\":\"ca\"},{\"@type\":\"Organization\",\"@id\":\"https:\/\/lagreska.es\/#organization\",\"name\":\"La Greska Espectacles\",\"url\":\"https:\/\/lagreska.es\/\",\"logo\":{\"@type\":\"ImageObject\",\"inLanguage\":\"ca\",\"@id\":\"https:\/\/lagreska.es\/#\/schema\/logo\/image\/\",\"url\":\"https:\/\/lagreska.es\/wp-content\/uploads\/2024\/05\/logo.png\",\"contentUrl\":\"https:\/\/lagreska.es\/wp-content\/uploads\/2024\/05\/logo.png\",\"width\":813,\"height\":307,\"caption\":\"La Greska Espectacles\"},\"image\":{\"@id\":\"https:\/\/lagreska.es\/#\/schema\/logo\/image\/\"}}]}<\/script>\n<!-- \/ Yoast SEO plugin. -->","yoast_head_json":{"title":"Dj Pablo - La Greska Espectacles","robots":{"index":"index","follow":"follow","max-snippet":"max-snippet:-1","max-image-preview":"max-image-preview:large","max-video-preview":"max-video-preview:-1"},"canonical":"https:\/\/lagreska.es\/ca\/musicos\/dj-pablo\/","og_locale":"ca_ES","og_type":"article","og_title":"Dj Pablo - La Greska Espectacles","og_description":"Pablo inici\u00f3 su carrera a principio de los a\u00f1os 90 Influenciado por las tendencias musicales de aquella \u00e9poca, recorri\u00f3 varias salas donde trabaj\u00f3 como deejay, speaker y light deejay. Adem\u00e1s de su trabajo en las cabinas, Pablo ha sido director y presentador del programa de Radio Martorell \u00abCircuito Virtual\u00bb (1999 &#8211; 2016), consagr\u00e1ndose entre 2013...","og_url":"https:\/\/lagreska.es\/ca\/musicos\/dj-pablo\/","og_site_name":"La Greska Espectacles","article_modified_time":"2026-02-28T23:54:26+00:00","og_image":[{"width":727,"height":697,"url":"https:\/\/lagreska.es\/wp-content\/uploads\/2026\/03\/Captura-de-pantalla-2026-03-01-004807.jpg","type":"image\/jpeg"}],"twitter_card":"summary_large_image","twitter_misc":{"Temps estimat de lectura":"1 minut"},"schema":{"@context":"https:\/\/schema.org","@graph":[{"@type":"WebPage","@id":"https:\/\/lagreska.es\/musicos\/dj-pablo\/","url":"https:\/\/lagreska.es\/musicos\/dj-pablo\/","name":"Dj Pablo - La Greska Espectacles","isPartOf":{"@id":"https:\/\/lagreska.es\/#website"},"primaryImageOfPage":{"@id":"https:\/\/lagreska.es\/musicos\/dj-pablo\/#primaryimage"},"image":{"@id":"https:\/\/lagreska.es\/musicos\/dj-pablo\/#primaryimage"},"thumbnailUrl":"https:\/\/lagreska.es\/wp-content\/uploads\/2026\/03\/Captura-de-pantalla-2026-03-01-004807.jpg","datePublished":"2026-02-28T23:53:56+00:00","dateModified":"2026-02-28T23:54:26+00:00","breadcrumb":{"@id":"https:\/\/lagreska.es\/musicos\/dj-pablo\/#breadcrumb"},"inLanguage":"ca","potentialAction":[{"@type":"ReadAction","target":["https:\/\/lagreska.es\/musicos\/dj-pablo\/"]}]},{"@type":"ImageObject","inLanguage":"ca","@id":"https:\/\/lagreska.es\/musicos\/dj-pablo\/#primaryimage","url":"https:\/\/lagreska.es\/wp-content\/uploads\/2026\/03\/Captura-de-pantalla-2026-03-01-004807.jpg","contentUrl":"https:\/\/lagreska.es\/wp-content\/uploads\/2026\/03\/Captura-de-pantalla-2026-03-01-004807.jpg","width":727,"height":697},{"@type":"BreadcrumbList","@id":"https:\/\/lagreska.es\/musicos\/dj-pablo\/#breadcrumb","itemListElement":[{"@type":"ListItem","position":1,"name":"Portada","item":"https:\/\/lagreska.es\/ca\/"},{"@type":"ListItem","position":2,"name":"Dj Pablo"}]},{"@type":"WebSite","@id":"https:\/\/lagreska.es\/#website","url":"https:\/\/lagreska.es\/","name":"La Greska Espectacles","description":"Ag\u00e8ncia d&#039;animaci\u00f3 de festes i esdeveniments a Sabadell","publisher":{"@id":"https:\/\/lagreska.es\/#organization"},"potentialAction":[{"@type":"SearchAction","target":{"@type":"EntryPoint","urlTemplate":"https:\/\/lagreska.es\/?s={search_term_string}"},"query-input":{"@type":"PropertyValueSpecification","valueRequired":true,"valueName":"search_term_string"}}],"inLanguage":"ca"},{"@type":"Organization","@id":"https:\/\/lagreska.es\/#organization","name":"La Greska Espectacles","url":"https:\/\/lagreska.es\/","logo":{"@type":"ImageObject","inLanguage":"ca","@id":"https:\/\/lagreska.es\/#\/schema\/logo\/image\/","url":"https:\/\/lagreska.es\/wp-content\/uploads\/2024\/05\/logo.png","contentUrl":"https:\/\/lagreska.es\/wp-content\/uploads\/2024\/05\/logo.png","width":813,"height":307,"caption":"La Greska Espectacles"},"image":{"@id":"https:\/\/lagreska.es\/#\/schema\/logo\/image\/"}}]}},"taxonomy_info":{"estilo":[{"value":49,"label":"Discom\u00f2bil"}]},"featured_image_src_large":["https:\/\/lagreska.es\/wp-content\/uploads\/2026\/03\/Captura-de-pantalla-2026-03-01-004807.jpg",727,697,false],"author_info":[],"comment_info":"","_links":{"self":[{"href":"https:\/\/lagreska.es\/ca\/wp-json\/wp\/v2\/musicos\/10303","targetHints":{"allow":["GET"]}}],"collection":[{"href":"https:\/\/lagreska.es\/ca\/wp-json\/wp\/v2\/musicos"}],"about":[{"href":"https:\/\/lagreska.es\/ca\/wp-json\/wp\/v2\/types\/musicos"}],"wp:featuredmedia":[{"embeddable":true,"href":"https:\/\/lagreska.es\/ca\/wp-json\/wp\/v2\/media\/10307"}],"wp:attachment":[{"href":"https:\/\/lagreska.es\/ca\/wp-json\/wp\/v2\/media?parent=10303"}],"wp:term":[{"taxonomy":"estilo","embeddable":true,"href":"https:\/\/lagreska.es\/ca\/wp-json\/wp\/v2\/estilo?post=10303"}],"curies":[{"name":"wp","href":"https:\/\/api.w.org\/{rel}","templated":true}]}}

<h2 class="wp-block-heading">Pablo inició su carrera a principio de los años 90</h2>



<p>Influenciado por las tendencias musicales de aquella época, recorrió varias salas donde trabajó como deejay, speaker y light deejay.<br><br>Además de su trabajo en las cabinas, Pablo ha sido director y presentador del programa de Radio Martorell «Circuito Virtual» (1999 &#8211; 2016), consagrándose entre 2013 hasta la actualidad en «ScannerFM».<br><br>Sus sesiones son frescas, divertidas y es capaz de adaptarse a cualquier público. Con su deejay set y su experiencia como speaker, aborda la mejor selección de música actual sin dejar de lado los grandes clásicos.</p>



<div id='gallery-1' class='gallery galleryid-10303 gallery-columns-5 gallery-size-thumbnail'><figure class='gallery-item'>
			<div class='gallery-icon landscape'>
				<a href='https://lagreska.es/ca/musicos/dj-pablo/deejays-6/'><img loading="lazy" decoding="async" width="150" height="150" src="https://lagreska.es/wp-content/uploads/2026/03/Deejays-6-150x150.jpg" class="attachment-thumbnail size-thumbnail" alt="" /></a>
			</div></figure><figure class='gallery-item'>
			<div class='gallery-icon landscape'>
				<a href='https://lagreska.es/ca/musicos/dj-pablo/djpablo23/'><img loading="lazy" decoding="async" width="150" height="150" src="https://lagreska.es/wp-content/uploads/2026/03/DjPablo23-150x150.jpg" class="attachment-thumbnail size-thumbnail" alt="" /></a>
			</div></figure><figure class='gallery-item'>
			<div class='gallery-icon landscape'>
				<a href='https://lagreska.es/ca/musicos/dj-pablo/djpablo27/'><img loading="lazy" decoding="async" width="150" height="150" src="https://lagreska.es/wp-content/uploads/2026/03/DjPablo27-150x150.jpg" class="attachment-thumbnail size-thumbnail" alt="" /></a>
			</div></figure><figure class='gallery-item'>
			<div class='gallery-icon landscape'>
				<a href='https://lagreska.es/ca/musicos/dj-pablo/djpablo26/'><img loading="lazy" decoding="async" width="150" height="150" src="https://lagreska.es/wp-content/uploads/2026/03/DjPablo26-150x150.jpg" class="attachment-thumbnail size-thumbnail" alt="" /></a>
			</div></figure><figure class='gallery-item'>
			<div class='gallery-icon landscape'>
				<a href='https://lagreska.es/ca/musicos/dj-pablo/captura-de-pantalla-2026-03-01-004807/'><img loading="lazy" decoding="async" width="150" height="150" src="https://lagreska.es/wp-content/uploads/2026/03/Captura-de-pantalla-2026-03-01-004807-150x150.jpg" class="attachment-thumbnail size-thumbnail" alt="" srcset="https://lagreska.es/wp-content/uploads/2026/03/Captura-de-pantalla-2026-03-01-004807-150x150.jpg 150w, https://lagreska.es/wp-content/uploads/2026/03/Captura-de-pantalla-2026-03-01-004807-13x12.jpg 13w" sizes="auto, (max-width: 150px) 100vw, 150px" /></a>
			</div></figure>
		</div>

<!-- This site is optimized with the Yoast SEO plugin v26.7 - https://yoast.com/wordpress/plugins/seo/ -->
<title>Dj Pablo - La Greska Espectacles</title>
<meta name="robots" content="index, follow, max-snippet:-1, max-image-preview:large, max-video-preview:-1" />
<link rel="canonical" href="https://lagreska.es/ca/musicos/dj-pablo/" />
<meta property="og:locale" content="ca_ES" />
<meta property="og:type" content="article" />
<meta property="og:title" content="Dj Pablo - La Greska Espectacles" />
<meta property="og:description" content="Pablo inició su carrera a principio de los años 90 Influenciado por las tendencias musicales de aquella época, recorrió varias salas donde trabajó como deejay, speaker y light deejay. Además de su trabajo en las cabinas, Pablo ha sido director y presentador del programa de Radio Martorell «Circuito Virtual» (1999 &#8211; 2016), consagrándose entre 2013..." />
<meta property="og:url" content="https://lagreska.es/ca/musicos/dj-pablo/" />
<meta property="og:site_name" content="La Greska Espectacles" />
<meta property="article:modified_time" content="2026-02-28T23:54:26+00:00" />
<meta property="og:image" content="https://lagreska.es/wp-content/uploads/2026/03/Captura-de-pantalla-2026-03-01-004807.jpg" />
	<meta property="og:image:width" content="727" />
	<meta property="og:image:height" content="697" />
	<meta property="og:image:type" content="image/jpeg" />
<meta name="twitter:card" content="summary_large_image" />
<meta name="twitter:label1" content="Temps estimat de lectura" />
	<meta name="twitter:data1" content="1 minut" />
<script type="application/ld+json" class="yoast-schema-graph">{"@context":"https://schema.org","@graph":[{"@type":"WebPage","@id":"https://lagreska.es/musicos/dj-pablo/","url":"https://lagreska.es/musicos/dj-pablo/","name":"Dj Pablo - La Greska Espectacles","isPartOf":{"@id":"https://lagreska.es/#website"},"primaryImageOfPage":{"@id":"https://lagreska.es/musicos/dj-pablo/#primaryimage"},"image":{"@id":"https://lagreska.es/musicos/dj-pablo/#primaryimage"},"thumbnailUrl":"https://lagreska.es/wp-content/uploads/2026/03/Captura-de-pantalla-2026-03-01-004807.jpg","datePublished":"2026-02-28T23:53:56+00:00","dateModified":"2026-02-28T23:54:26+00:00","breadcrumb":{"@id":"https://lagreska.es/musicos/dj-pablo/#breadcrumb"},"inLanguage":"ca","potentialAction":[{"@type":"ReadAction","target":["https://lagreska.es/musicos/dj-pablo/"]}]},{"@type":"ImageObject","inLanguage":"ca","@id":"https://lagreska.es/musicos/dj-pablo/#primaryimage","url":"https://lagreska.es/wp-content/uploads/2026/03/Captura-de-pantalla-2026-03-01-004807.jpg","contentUrl":"https://lagreska.es/wp-content/uploads/2026/03/Captura-de-pantalla-2026-03-01-004807.jpg","width":727,"height":697},{"@type":"BreadcrumbList","@id":"https://lagreska.es/musicos/dj-pablo/#breadcrumb","itemListElement":[{"@type":"ListItem","position":1,"name":"Portada","item":"https://lagreska.es/ca/"},{"@type":"ListItem","position":2,"name":"Dj Pablo"}]},{"@type":"WebSite","@id":"https://lagreska.es/#website","url":"https://lagreska.es/","name":"La Greska Espectacles","description":"Agencia de animación de fiestas y eventos en Sabadell","publisher":{"@id":"https://lagreska.es/#organization"},"potentialAction":[{"@type":"SearchAction","target":{"@type":"EntryPoint","urlTemplate":"https://lagreska.es/?s={search_term_string}"},"query-input":{"@type":"PropertyValueSpecification","valueRequired":true,"valueName":"search_term_string"}}],"inLanguage":"ca"},{"@type":"Organization","@id":"https://lagreska.es/#organization","name":"La Greska Espectacles","url":"https://lagreska.es/","logo":{"@type":"ImageObject","inLanguage":"ca","@id":"https://lagreska.es/#/schema/logo/image/","url":"https://lagreska.es/wp-content/uploads/2024/05/logo.png","contentUrl":"https://lagreska.es/wp-content/uploads/2024/05/logo.png","width":813,"height":307,"caption":"La Greska Espectacles"},"image":{"@id":"https://lagreska.es/#/schema/logo/image/"}}]}</script>
<!-- / Yoast SEO plugin. -->

Pablo inició su carrera a principio de los años 90 Influenciado por las tendencias musicales de aquella época, recorrió varias salas donde trabajó como deejay, speaker y light deejay. Además de su trabajo en las cabinas, Pablo ha sido director y presentador del programa de Radio Martorell «Circuito Virtual» (1999 &#8211; 2016), consagrándose entre 2013...

Agència d&#039;animació de festes i esdeveniments a Sabadell

Discomòbil
