{"id":10263,"date":"2026-02-28T23:39:29","date_gmt":"2026-02-28T22:39:29","guid":{"rendered":"https:\/\/lagreska.es\/?post_type=musicos&#038;p=10263"},"modified":"2026-02-28T23:39:32","modified_gmt":"2026-02-28T22:39:32","slug":"doble-cara","status":"publish","type":"musicos","link":"https:\/\/lagreska.es\/ca\/musicos\/doble-cara\/","title":{"rendered":"Doble Cara"},"content":{"rendered":"<p><strong>Doble Cara<\/strong> es un grupo de versiones que puede ofrecer tambi\u00e9n una primera parte m\u00e1s \u00abbailonga\u00bb, pero donde las versiones m\u00e1s roqueras toman el protagonismo. Nuestra idea principal siempre ha sido ofrecer un show fresco, din\u00e1mico y divertido, apto para todas las edades y gustos.<\/p>\n\n\n\n<p>Nuestro espect\u00e1culo se basa en la interacci\u00f3n con el p\u00fablico: dos horas y media de <em>covers<\/em> ideales para escuchar, bailar y divertirse cantando los mejores cl\u00e1sicos de los sesenta, setenta, ochenta y noventa, hasta llegar a la actualidad. Un viaje en el tiempo donde encontraremos pop, rock, heavy, canci\u00f3n de autor, bailes latinos, m\u00fasica de discoteca&#8230;<\/p>\n\n\n\n<p>Ofrecemos tambi\u00e9n un show tipo \u00abconcierto en familia\u00bb, donde incluimos algunos cl\u00e1sicos del pop y del rock adaptados a nuestra lengua, sin olvidarnos de nuestras canciones de siempre.<\/p>\n\n\n\n<div id='gallery-1' class='gallery galleryid-10263 gallery-columns-5 gallery-size-thumbnail'><figure class='gallery-item'>\n\t\t\t<div class='gallery-icon portrait'>\n\t\t\t\t<a href='https:\/\/lagreska.es\/ca\/musicos\/doble-cara\/32-doble-cara\/'><img loading=\"lazy\" decoding=\"async\" width=\"150\" height=\"150\" src=\"https:\/\/lagreska.es\/wp-content\/uploads\/2026\/02\/32.-DOBLE-CARA-150x150.jpg\" class=\"attachment-thumbnail size-thumbnail\" alt=\"\" \/><\/a>\n\t\t\t<\/div><\/figure><figure class='gallery-item'>\n\t\t\t<div class='gallery-icon landscape'>\n\t\t\t\t<a href='https:\/\/lagreska.es\/ca\/musicos\/doble-cara\/dc_1-2024\/'><img loading=\"lazy\" decoding=\"async\" width=\"150\" height=\"150\" src=\"https:\/\/lagreska.es\/wp-content\/uploads\/2026\/02\/DC_1-2024--150x150.jpg\" class=\"attachment-thumbnail size-thumbnail\" alt=\"\" \/><\/a>\n\t\t\t<\/div><\/figure><figure class='gallery-item'>\n\t\t\t<div class='gallery-icon landscape'>\n\t\t\t\t<a href='https:\/\/lagreska.es\/ca\/musicos\/doble-cara\/dc_2-2024\/'><img loading=\"lazy\" decoding=\"async\" width=\"150\" height=\"150\" src=\"https:\/\/lagreska.es\/wp-content\/uploads\/2026\/02\/DC_2-2024-150x150.jpg\" class=\"attachment-thumbnail size-thumbnail\" alt=\"\" \/><\/a>\n\t\t\t<\/div><\/figure><figure class='gallery-item'>\n\t\t\t<div class='gallery-icon landscape'>\n\t\t\t\t<a href='https:\/\/lagreska.es\/ca\/musicos\/doble-cara\/dc_3-2024\/'><img loading=\"lazy\" decoding=\"async\" width=\"150\" height=\"150\" src=\"https:\/\/lagreska.es\/wp-content\/uploads\/2026\/02\/DC_3-2024-150x150.jpg\" class=\"attachment-thumbnail size-thumbnail\" alt=\"\" \/><\/a>\n\t\t\t<\/div><\/figure><figure class='gallery-item'>\n\t\t\t<div class='gallery-icon landscape'>\n\t\t\t\t<a href='https:\/\/lagreska.es\/ca\/musicos\/doble-cara\/doble-cara-group_23-2\/'><img loading=\"lazy\" decoding=\"async\" width=\"150\" height=\"150\" src=\"https:\/\/lagreska.es\/wp-content\/uploads\/2026\/02\/DOBLE-CARA-GROUP_23-150x150.jpg\" class=\"attachment-thumbnail size-thumbnail\" alt=\"\" \/><\/a>\n\t\t\t<\/div><\/figure>\n\t\t<\/div>\n\n\n\n\n<p><\/p>","protected":false},"featured_media":10269,"parent":0,"menu_order":0,"template":"","meta":{"_acf_changed":true,"_kad_blocks_custom_css":"","_kad_blocks_head_custom_js":"","_kad_blocks_body_custom_js":"","_kad_blocks_footer_custom_js":"","_kad_post_transparent":"","_kad_post_title":"","_kad_post_layout":"","_kad_post_sidebar_id":"","_kad_post_content_style":"","_kad_post_vertical_padding":"","_kad_post_feature":"","_kad_post_feature_position":"","_kad_post_header":false,"_kad_post_footer":false,"_kad_post_classname":""},"estilo":[50,48],"class_list":["post-10263","musicos","type-musicos","status-publish","has-post-thumbnail","hentry","estilo-bandas-y-tributos","estilo-orquestas"],"acf":[],"yoast_head":"<!-- This site is optimized with the Yoast SEO plugin v26.7 - https:\/\/yoast.com\/wordpress\/plugins\/seo\/ -->\n<title>Doble Cara - La Greska Espectacles<\/title>\n<meta name=\"robots\" content=\"index, follow, max-snippet:-1, max-image-preview:large, max-video-preview:-1\" \/>\n<link rel=\"canonical\" href=\"https:\/\/lagreska.es\/ca\/musicos\/doble-cara\/\" \/>\n<meta property=\"og:locale\" content=\"ca_ES\" \/>\n<meta property=\"og:type\" content=\"article\" \/>\n<meta property=\"og:title\" content=\"Doble Cara - La Greska Espectacles\" \/>\n<meta property=\"og:description\" content=\"Doble Cara es un grupo de versiones que puede ofrecer tambi\u00e9n una primera parte m\u00e1s \u00abbailonga\u00bb, pero donde las versiones m\u00e1s roqueras toman el protagonismo. Nuestra idea principal siempre ha sido ofrecer un show fresco, din\u00e1mico y divertido, apto para todas las edades y gustos. Nuestro espect\u00e1culo se basa en la interacci\u00f3n con el p\u00fablico:...\" \/>\n<meta property=\"og:url\" content=\"https:\/\/lagreska.es\/ca\/musicos\/doble-cara\/\" \/>\n<meta property=\"og:site_name\" content=\"La Greska Espectacles\" \/>\n<meta property=\"article:modified_time\" content=\"2026-02-28T22:39:32+00:00\" \/>\n<meta property=\"og:image\" content=\"https:\/\/lagreska.es\/wp-content\/uploads\/2026\/02\/POSTER_DOBLECARA_GROUP-logo-1-scaled.jpg\" \/>\n\t<meta property=\"og:image:width\" content=\"2560\" \/>\n\t<meta property=\"og:image:height\" content=\"1707\" \/>\n\t<meta property=\"og:image:type\" content=\"image\/jpeg\" \/>\n<meta name=\"twitter:card\" content=\"summary_large_image\" \/>\n<meta name=\"twitter:label1\" content=\"Temps estimat de lectura\" \/>\n\t<meta name=\"twitter:data1\" content=\"1 minut\" \/>\n<script type=\"application\/ld+json\" class=\"yoast-schema-graph\">{\"@context\":\"https:\/\/schema.org\",\"@graph\":[{\"@type\":\"WebPage\",\"@id\":\"https:\/\/lagreska.es\/musicos\/doble-cara\/\",\"url\":\"https:\/\/lagreska.es\/musicos\/doble-cara\/\",\"name\":\"Doble Cara - La Greska Espectacles\",\"isPartOf\":{\"@id\":\"https:\/\/lagreska.es\/#website\"},\"primaryImageOfPage\":{\"@id\":\"https:\/\/lagreska.es\/musicos\/doble-cara\/#primaryimage\"},\"image\":{\"@id\":\"https:\/\/lagreska.es\/musicos\/doble-cara\/#primaryimage\"},\"thumbnailUrl\":\"https:\/\/lagreska.es\/wp-content\/uploads\/2026\/02\/POSTER_DOBLECARA_GROUP-logo-1-scaled.jpg\",\"datePublished\":\"2026-02-28T22:39:29+00:00\",\"dateModified\":\"2026-02-28T22:39:32+00:00\",\"breadcrumb\":{\"@id\":\"https:\/\/lagreska.es\/musicos\/doble-cara\/#breadcrumb\"},\"inLanguage\":\"ca\",\"potentialAction\":[{\"@type\":\"ReadAction\",\"target\":[\"https:\/\/lagreska.es\/musicos\/doble-cara\/\"]}]},{\"@type\":\"ImageObject\",\"inLanguage\":\"ca\",\"@id\":\"https:\/\/lagreska.es\/musicos\/doble-cara\/#primaryimage\",\"url\":\"https:\/\/lagreska.es\/wp-content\/uploads\/2026\/02\/POSTER_DOBLECARA_GROUP-logo-1-scaled.jpg\",\"contentUrl\":\"https:\/\/lagreska.es\/wp-content\/uploads\/2026\/02\/POSTER_DOBLECARA_GROUP-logo-1-scaled.jpg\",\"width\":2560,\"height\":1707},{\"@type\":\"BreadcrumbList\",\"@id\":\"https:\/\/lagreska.es\/musicos\/doble-cara\/#breadcrumb\",\"itemListElement\":[{\"@type\":\"ListItem\",\"position\":1,\"name\":\"Portada\",\"item\":\"https:\/\/lagreska.es\/ca\/\"},{\"@type\":\"ListItem\",\"position\":2,\"name\":\"Doble Cara\"}]},{\"@type\":\"WebSite\",\"@id\":\"https:\/\/lagreska.es\/#website\",\"url\":\"https:\/\/lagreska.es\/\",\"name\":\"La Greska Espectacles\",\"description\":\"Agencia de animaci\u00f3n de fiestas y eventos en Sabadell\",\"publisher\":{\"@id\":\"https:\/\/lagreska.es\/#organization\"},\"potentialAction\":[{\"@type\":\"SearchAction\",\"target\":{\"@type\":\"EntryPoint\",\"urlTemplate\":\"https:\/\/lagreska.es\/?s={search_term_string}\"},\"query-input\":{\"@type\":\"PropertyValueSpecification\",\"valueRequired\":true,\"valueName\":\"search_term_string\"}}],\"inLanguage\":\"ca\"},{\"@type\":\"Organization\",\"@id\":\"https:\/\/lagreska.es\/#organization\",\"name\":\"La Greska Espectacles\",\"url\":\"https:\/\/lagreska.es\/\",\"logo\":{\"@type\":\"ImageObject\",\"inLanguage\":\"ca\",\"@id\":\"https:\/\/lagreska.es\/#\/schema\/logo\/image\/\",\"url\":\"https:\/\/lagreska.es\/wp-content\/uploads\/2024\/05\/logo.png\",\"contentUrl\":\"https:\/\/lagreska.es\/wp-content\/uploads\/2024\/05\/logo.png\",\"width\":813,\"height\":307,\"caption\":\"La Greska Espectacles\"},\"image\":{\"@id\":\"https:\/\/lagreska.es\/#\/schema\/logo\/image\/\"}}]}<\/script>\n<!-- \/ Yoast SEO plugin. -->","yoast_head_json":{"title":"Doble Cara - La Greska Espectacles","robots":{"index":"index","follow":"follow","max-snippet":"max-snippet:-1","max-image-preview":"max-image-preview:large","max-video-preview":"max-video-preview:-1"},"canonical":"https:\/\/lagreska.es\/ca\/musicos\/doble-cara\/","og_locale":"ca_ES","og_type":"article","og_title":"Doble Cara - La Greska Espectacles","og_description":"Doble Cara es un grupo de versiones que puede ofrecer tambi\u00e9n una primera parte m\u00e1s \u00abbailonga\u00bb, pero donde las versiones m\u00e1s roqueras toman el protagonismo. Nuestra idea principal siempre ha sido ofrecer un show fresco, din\u00e1mico y divertido, apto para todas las edades y gustos. Nuestro espect\u00e1culo se basa en la interacci\u00f3n con el p\u00fablico:...","og_url":"https:\/\/lagreska.es\/ca\/musicos\/doble-cara\/","og_site_name":"La Greska Espectacles","article_modified_time":"2026-02-28T22:39:32+00:00","og_image":[{"width":2560,"height":1707,"url":"https:\/\/lagreska.es\/wp-content\/uploads\/2026\/02\/POSTER_DOBLECARA_GROUP-logo-1-scaled.jpg","type":"image\/jpeg"}],"twitter_card":"summary_large_image","twitter_misc":{"Temps estimat de lectura":"1 minut"},"schema":{"@context":"https:\/\/schema.org","@graph":[{"@type":"WebPage","@id":"https:\/\/lagreska.es\/musicos\/doble-cara\/","url":"https:\/\/lagreska.es\/musicos\/doble-cara\/","name":"Doble Cara - La Greska Espectacles","isPartOf":{"@id":"https:\/\/lagreska.es\/#website"},"primaryImageOfPage":{"@id":"https:\/\/lagreska.es\/musicos\/doble-cara\/#primaryimage"},"image":{"@id":"https:\/\/lagreska.es\/musicos\/doble-cara\/#primaryimage"},"thumbnailUrl":"https:\/\/lagreska.es\/wp-content\/uploads\/2026\/02\/POSTER_DOBLECARA_GROUP-logo-1-scaled.jpg","datePublished":"2026-02-28T22:39:29+00:00","dateModified":"2026-02-28T22:39:32+00:00","breadcrumb":{"@id":"https:\/\/lagreska.es\/musicos\/doble-cara\/#breadcrumb"},"inLanguage":"ca","potentialAction":[{"@type":"ReadAction","target":["https:\/\/lagreska.es\/musicos\/doble-cara\/"]}]},{"@type":"ImageObject","inLanguage":"ca","@id":"https:\/\/lagreska.es\/musicos\/doble-cara\/#primaryimage","url":"https:\/\/lagreska.es\/wp-content\/uploads\/2026\/02\/POSTER_DOBLECARA_GROUP-logo-1-scaled.jpg","contentUrl":"https:\/\/lagreska.es\/wp-content\/uploads\/2026\/02\/POSTER_DOBLECARA_GROUP-logo-1-scaled.jpg","width":2560,"height":1707},{"@type":"BreadcrumbList","@id":"https:\/\/lagreska.es\/musicos\/doble-cara\/#breadcrumb","itemListElement":[{"@type":"ListItem","position":1,"name":"Portada","item":"https:\/\/lagreska.es\/ca\/"},{"@type":"ListItem","position":2,"name":"Doble Cara"}]},{"@type":"WebSite","@id":"https:\/\/lagreska.es\/#website","url":"https:\/\/lagreska.es\/","name":"La Greska Espectacles","description":"Ag\u00e8ncia d&#039;animaci\u00f3 de festes i esdeveniments a Sabadell","publisher":{"@id":"https:\/\/lagreska.es\/#organization"},"potentialAction":[{"@type":"SearchAction","target":{"@type":"EntryPoint","urlTemplate":"https:\/\/lagreska.es\/?s={search_term_string}"},"query-input":{"@type":"PropertyValueSpecification","valueRequired":true,"valueName":"search_term_string"}}],"inLanguage":"ca"},{"@type":"Organization","@id":"https:\/\/lagreska.es\/#organization","name":"La Greska Espectacles","url":"https:\/\/lagreska.es\/","logo":{"@type":"ImageObject","inLanguage":"ca","@id":"https:\/\/lagreska.es\/#\/schema\/logo\/image\/","url":"https:\/\/lagreska.es\/wp-content\/uploads\/2024\/05\/logo.png","contentUrl":"https:\/\/lagreska.es\/wp-content\/uploads\/2024\/05\/logo.png","width":813,"height":307,"caption":"La Greska Espectacles"},"image":{"@id":"https:\/\/lagreska.es\/#\/schema\/logo\/image\/"}}]}},"taxonomy_info":{"estilo":[{"value":50,"label":"Bandas y tributos"},{"value":48,"label":"Orquestas"}]},"featured_image_src_large":["https:\/\/lagreska.es\/wp-content\/uploads\/2026\/02\/POSTER_DOBLECARA_GROUP-logo-1-1024x683.jpg",1024,683,true],"author_info":[],"comment_info":"","_links":{"self":[{"href":"https:\/\/lagreska.es\/ca\/wp-json\/wp\/v2\/musicos\/10263","targetHints":{"allow":["GET"]}}],"collection":[{"href":"https:\/\/lagreska.es\/ca\/wp-json\/wp\/v2\/musicos"}],"about":[{"href":"https:\/\/lagreska.es\/ca\/wp-json\/wp\/v2\/types\/musicos"}],"wp:featuredmedia":[{"embeddable":true,"href":"https:\/\/lagreska.es\/ca\/wp-json\/wp\/v2\/media\/10269"}],"wp:attachment":[{"href":"https:\/\/lagreska.es\/ca\/wp-json\/wp\/v2\/media?parent=10263"}],"wp:term":[{"taxonomy":"estilo","embeddable":true,"href":"https:\/\/lagreska.es\/ca\/wp-json\/wp\/v2\/estilo?post=10263"}],"curies":[{"name":"wp","href":"https:\/\/api.w.org\/{rel}","templated":true}]}}

<p><strong>Doble Cara</strong> es un grupo de versiones que puede ofrecer también una primera parte más «bailonga», pero donde las versiones más roqueras toman el protagonismo. Nuestra idea principal siempre ha sido ofrecer un show fresco, dinámico y divertido, apto para todas las edades y gustos.</p>



<p>Nuestro espectáculo se basa en la interacción con el público: dos horas y media de <em>covers</em> ideales para escuchar, bailar y divertirse cantando los mejores clásicos de los sesenta, setenta, ochenta y noventa, hasta llegar a la actualidad. Un viaje en el tiempo donde encontraremos pop, rock, heavy, canción de autor, bailes latinos, música de discoteca&#8230;</p>



<p>Ofrecemos también un show tipo «concierto en familia», donde incluimos algunos clásicos del pop y del rock adaptados a nuestra lengua, sin olvidarnos de nuestras canciones de siempre.</p>



<div id='gallery-1' class='gallery galleryid-10263 gallery-columns-5 gallery-size-thumbnail'><figure class='gallery-item'>
			<div class='gallery-icon portrait'>
				<a href='https://lagreska.es/ca/musicos/doble-cara/32-doble-cara/'><img loading="lazy" decoding="async" width="150" height="150" src="https://lagreska.es/wp-content/uploads/2026/02/32.-DOBLE-CARA-150x150.jpg" class="attachment-thumbnail size-thumbnail" alt="" /></a>
			</div></figure><figure class='gallery-item'>
			<div class='gallery-icon landscape'>
				<a href='https://lagreska.es/ca/musicos/doble-cara/dc_1-2024/'><img loading="lazy" decoding="async" width="150" height="150" src="https://lagreska.es/wp-content/uploads/2026/02/DC_1-2024--150x150.jpg" class="attachment-thumbnail size-thumbnail" alt="" /></a>
			</div></figure><figure class='gallery-item'>
			<div class='gallery-icon landscape'>
				<a href='https://lagreska.es/ca/musicos/doble-cara/dc_2-2024/'><img loading="lazy" decoding="async" width="150" height="150" src="https://lagreska.es/wp-content/uploads/2026/02/DC_2-2024-150x150.jpg" class="attachment-thumbnail size-thumbnail" alt="" /></a>
			</div></figure><figure class='gallery-item'>
			<div class='gallery-icon landscape'>
				<a href='https://lagreska.es/ca/musicos/doble-cara/dc_3-2024/'><img loading="lazy" decoding="async" width="150" height="150" src="https://lagreska.es/wp-content/uploads/2026/02/DC_3-2024-150x150.jpg" class="attachment-thumbnail size-thumbnail" alt="" /></a>
			</div></figure><figure class='gallery-item'>
			<div class='gallery-icon landscape'>
				<a href='https://lagreska.es/ca/musicos/doble-cara/doble-cara-group_23-2/'><img loading="lazy" decoding="async" width="150" height="150" src="https://lagreska.es/wp-content/uploads/2026/02/DOBLE-CARA-GROUP_23-150x150.jpg" class="attachment-thumbnail size-thumbnail" alt="" /></a>
			</div></figure>
		</div>




<p></p>

<!-- This site is optimized with the Yoast SEO plugin v26.7 - https://yoast.com/wordpress/plugins/seo/ -->
<title>Doble Cara - La Greska Espectacles</title>
<meta name="robots" content="index, follow, max-snippet:-1, max-image-preview:large, max-video-preview:-1" />
<link rel="canonical" href="https://lagreska.es/ca/musicos/doble-cara/" />
<meta property="og:locale" content="ca_ES" />
<meta property="og:type" content="article" />
<meta property="og:title" content="Doble Cara - La Greska Espectacles" />
<meta property="og:description" content="Doble Cara es un grupo de versiones que puede ofrecer también una primera parte más «bailonga», pero donde las versiones más roqueras toman el protagonismo. Nuestra idea principal siempre ha sido ofrecer un show fresco, dinámico y divertido, apto para todas las edades y gustos. Nuestro espectáculo se basa en la interacción con el público:..." />
<meta property="og:url" content="https://lagreska.es/ca/musicos/doble-cara/" />
<meta property="og:site_name" content="La Greska Espectacles" />
<meta property="article:modified_time" content="2026-02-28T22:39:32+00:00" />
<meta property="og:image" content="https://lagreska.es/wp-content/uploads/2026/02/POSTER_DOBLECARA_GROUP-logo-1-scaled.jpg" />
	<meta property="og:image:width" content="2560" />
	<meta property="og:image:height" content="1707" />
	<meta property="og:image:type" content="image/jpeg" />
<meta name="twitter:card" content="summary_large_image" />
<meta name="twitter:label1" content="Temps estimat de lectura" />
	<meta name="twitter:data1" content="1 minut" />
<script type="application/ld+json" class="yoast-schema-graph">{"@context":"https://schema.org","@graph":[{"@type":"WebPage","@id":"https://lagreska.es/musicos/doble-cara/","url":"https://lagreska.es/musicos/doble-cara/","name":"Doble Cara - La Greska Espectacles","isPartOf":{"@id":"https://lagreska.es/#website"},"primaryImageOfPage":{"@id":"https://lagreska.es/musicos/doble-cara/#primaryimage"},"image":{"@id":"https://lagreska.es/musicos/doble-cara/#primaryimage"},"thumbnailUrl":"https://lagreska.es/wp-content/uploads/2026/02/POSTER_DOBLECARA_GROUP-logo-1-scaled.jpg","datePublished":"2026-02-28T22:39:29+00:00","dateModified":"2026-02-28T22:39:32+00:00","breadcrumb":{"@id":"https://lagreska.es/musicos/doble-cara/#breadcrumb"},"inLanguage":"ca","potentialAction":[{"@type":"ReadAction","target":["https://lagreska.es/musicos/doble-cara/"]}]},{"@type":"ImageObject","inLanguage":"ca","@id":"https://lagreska.es/musicos/doble-cara/#primaryimage","url":"https://lagreska.es/wp-content/uploads/2026/02/POSTER_DOBLECARA_GROUP-logo-1-scaled.jpg","contentUrl":"https://lagreska.es/wp-content/uploads/2026/02/POSTER_DOBLECARA_GROUP-logo-1-scaled.jpg","width":2560,"height":1707},{"@type":"BreadcrumbList","@id":"https://lagreska.es/musicos/doble-cara/#breadcrumb","itemListElement":[{"@type":"ListItem","position":1,"name":"Portada","item":"https://lagreska.es/ca/"},{"@type":"ListItem","position":2,"name":"Doble Cara"}]},{"@type":"WebSite","@id":"https://lagreska.es/#website","url":"https://lagreska.es/","name":"La Greska Espectacles","description":"Agencia de animación de fiestas y eventos en Sabadell","publisher":{"@id":"https://lagreska.es/#organization"},"potentialAction":[{"@type":"SearchAction","target":{"@type":"EntryPoint","urlTemplate":"https://lagreska.es/?s={search_term_string}"},"query-input":{"@type":"PropertyValueSpecification","valueRequired":true,"valueName":"search_term_string"}}],"inLanguage":"ca"},{"@type":"Organization","@id":"https://lagreska.es/#organization","name":"La Greska Espectacles","url":"https://lagreska.es/","logo":{"@type":"ImageObject","inLanguage":"ca","@id":"https://lagreska.es/#/schema/logo/image/","url":"https://lagreska.es/wp-content/uploads/2024/05/logo.png","contentUrl":"https://lagreska.es/wp-content/uploads/2024/05/logo.png","width":813,"height":307,"caption":"La Greska Espectacles"},"image":{"@id":"https://lagreska.es/#/schema/logo/image/"}}]}</script>
<!-- / Yoast SEO plugin. -->

Doble Cara es un grupo de versiones que puede ofrecer también una primera parte más «bailonga», pero donde las versiones más roqueras toman el protagonismo. Nuestra idea principal siempre ha sido ofrecer un show fresco, dinámico y divertido, apto para todas las edades y gustos. Nuestro espectáculo se basa en la interacción con el público:...

Agència d&#039;animació de festes i esdeveniments a Sabadell
