{"id":6400,"date":"2024-06-11T11:29:46","date_gmt":"2024-06-11T09:29:46","guid":{"rendered":"https:\/\/lagreska.es\/?post_type=alquiler-material&#038;p=6400"},"modified":"2026-03-02T10:15:37","modified_gmt":"2026-03-02T09:15:37","slug":"nevera-stand","status":"publish","type":"alquiler-material","link":"https:\/\/lagreska.es\/ca\/alquiler-material\/nevera-stand\/","title":{"rendered":"Nevera estand"},"content":{"rendered":"<p>Submergeix-te en la frescor constant amb la nevera estand. El disseny compacte i elegant el converteix en l&#039;opci\u00f3 ideal per a qualsevol espai. Perfecte per a aquells que cerquen practicitat sense renunciar a l&#039;estil. Ideal per a qualsevol esdeveniment, recepci\u00f3, camerino, carpes, etc.<\/p>\n\n\n\n<p><\/p>","protected":false},"featured_media":9218,"parent":0,"menu_order":0,"template":"","meta":{"_acf_changed":false,"_kad_blocks_custom_css":"","_kad_blocks_head_custom_js":"","_kad_blocks_body_custom_js":"","_kad_blocks_footer_custom_js":"","_kad_post_transparent":"","_kad_post_title":"","_kad_post_layout":"","_kad_post_sidebar_id":"","_kad_post_content_style":"","_kad_post_vertical_padding":"","_kad_post_feature":"","_kad_post_feature_position":"","_kad_post_header":false,"_kad_post_footer":false,"_kad_post_classname":"","footnotes":""},"material":[81,122,116],"class_list":["post-6400","alquiler-material","type-alquiler-material","status-publish","has-post-thumbnail","hentry","material-catering","material-cocina-servicio","material-fiestas"],"acf":[],"yoast_head":"<!-- This site is optimized with the Yoast SEO plugin v26.7 - https:\/\/yoast.com\/wordpress\/plugins\/seo\/ -->\n<title>Nevera stand - La Greska Espectacles<\/title>\n<meta name=\"robots\" content=\"index, follow, max-snippet:-1, max-image-preview:large, max-video-preview:-1\" \/>\n<link rel=\"canonical\" href=\"https:\/\/lagreska.es\/ca\/alquiler-material\/nevera-stand\/\" \/>\n<meta property=\"og:locale\" content=\"ca_ES\" \/>\n<meta property=\"og:type\" content=\"article\" \/>\n<meta property=\"og:title\" content=\"Nevera stand - La Greska Espectacles\" \/>\n<meta property=\"og:description\" content=\"Sum\u00e9rgete en la frescura constante con la nevera estand. Su dise\u00f1o compacto y elegante lo convierte en la opci\u00f3n ideal para cualquier espacio. Perfecto para aquellos que buscan practicidad sin renunciar al estilo. Ideal para Cualquier evento, recepci\u00f3n, camerino, carpas, etc..\" \/>\n<meta property=\"og:url\" content=\"https:\/\/lagreska.es\/ca\/alquiler-material\/nevera-stand\/\" \/>\n<meta property=\"og:site_name\" content=\"La Greska Espectacles\" \/>\n<meta property=\"article:modified_time\" content=\"2026-03-02T09:15:37+00:00\" \/>\n<meta property=\"og:image\" content=\"https:\/\/lagreska.es\/wp-content\/uploads\/2024\/06\/Nevera-Stand.jpg\" \/>\n\t<meta property=\"og:image:width\" content=\"603\" \/>\n\t<meta property=\"og:image:height\" content=\"600\" \/>\n\t<meta property=\"og:image:type\" content=\"image\/jpeg\" \/>\n<meta name=\"twitter:card\" content=\"summary_large_image\" \/>\n<meta name=\"twitter:label1\" content=\"Temps estimat de lectura\" \/>\n\t<meta name=\"twitter:data1\" content=\"1 minut\" \/>\n<script type=\"application\/ld+json\" class=\"yoast-schema-graph\">{\"@context\":\"https:\/\/schema.org\",\"@graph\":[{\"@type\":\"WebPage\",\"@id\":\"https:\/\/lagreska.es\/alquiler-material\/nevera-stand\/\",\"url\":\"https:\/\/lagreska.es\/alquiler-material\/nevera-stand\/\",\"name\":\"Nevera stand - La Greska Espectacles\",\"isPartOf\":{\"@id\":\"https:\/\/lagreska.es\/#website\"},\"primaryImageOfPage\":{\"@id\":\"https:\/\/lagreska.es\/alquiler-material\/nevera-stand\/#primaryimage\"},\"image\":{\"@id\":\"https:\/\/lagreska.es\/alquiler-material\/nevera-stand\/#primaryimage\"},\"thumbnailUrl\":\"https:\/\/lagreska.es\/wp-content\/uploads\/2024\/06\/Nevera-Stand.jpg\",\"datePublished\":\"2024-06-11T09:29:46+00:00\",\"dateModified\":\"2026-03-02T09:15:37+00:00\",\"breadcrumb\":{\"@id\":\"https:\/\/lagreska.es\/alquiler-material\/nevera-stand\/#breadcrumb\"},\"inLanguage\":\"ca\",\"potentialAction\":[{\"@type\":\"ReadAction\",\"target\":[\"https:\/\/lagreska.es\/alquiler-material\/nevera-stand\/\"]}]},{\"@type\":\"ImageObject\",\"inLanguage\":\"ca\",\"@id\":\"https:\/\/lagreska.es\/alquiler-material\/nevera-stand\/#primaryimage\",\"url\":\"https:\/\/lagreska.es\/wp-content\/uploads\/2024\/06\/Nevera-Stand.jpg\",\"contentUrl\":\"https:\/\/lagreska.es\/wp-content\/uploads\/2024\/06\/Nevera-Stand.jpg\",\"width\":603,\"height\":600},{\"@type\":\"BreadcrumbList\",\"@id\":\"https:\/\/lagreska.es\/alquiler-material\/nevera-stand\/#breadcrumb\",\"itemListElement\":[{\"@type\":\"ListItem\",\"position\":1,\"name\":\"Portada\",\"item\":\"https:\/\/lagreska.es\/ca\/\"},{\"@type\":\"ListItem\",\"position\":2,\"name\":\"Nevera stand\"}]},{\"@type\":\"WebSite\",\"@id\":\"https:\/\/lagreska.es\/#website\",\"url\":\"https:\/\/lagreska.es\/\",\"name\":\"La Greska Espectacles\",\"description\":\"Agencia de animaci\u00f3n de fiestas y eventos en Sabadell\",\"publisher\":{\"@id\":\"https:\/\/lagreska.es\/#organization\"},\"potentialAction\":[{\"@type\":\"SearchAction\",\"target\":{\"@type\":\"EntryPoint\",\"urlTemplate\":\"https:\/\/lagreska.es\/?s={search_term_string}\"},\"query-input\":{\"@type\":\"PropertyValueSpecification\",\"valueRequired\":true,\"valueName\":\"search_term_string\"}}],\"inLanguage\":\"ca\"},{\"@type\":\"Organization\",\"@id\":\"https:\/\/lagreska.es\/#organization\",\"name\":\"La Greska Espectacles\",\"url\":\"https:\/\/lagreska.es\/\",\"logo\":{\"@type\":\"ImageObject\",\"inLanguage\":\"ca\",\"@id\":\"https:\/\/lagreska.es\/#\/schema\/logo\/image\/\",\"url\":\"https:\/\/lagreska.es\/wp-content\/uploads\/2024\/05\/logo.png\",\"contentUrl\":\"https:\/\/lagreska.es\/wp-content\/uploads\/2024\/05\/logo.png\",\"width\":813,\"height\":307,\"caption\":\"La Greska Espectacles\"},\"image\":{\"@id\":\"https:\/\/lagreska.es\/#\/schema\/logo\/image\/\"}}]}<\/script>\n<!-- \/ Yoast SEO plugin. -->","yoast_head_json":{"title":"Nevera stand - La Greska Espectacles","robots":{"index":"index","follow":"follow","max-snippet":"max-snippet:-1","max-image-preview":"max-image-preview:large","max-video-preview":"max-video-preview:-1"},"canonical":"https:\/\/lagreska.es\/ca\/alquiler-material\/nevera-stand\/","og_locale":"ca_ES","og_type":"article","og_title":"Nevera stand - La Greska Espectacles","og_description":"Sum\u00e9rgete en la frescura constante con la nevera estand. Su dise\u00f1o compacto y elegante lo convierte en la opci\u00f3n ideal para cualquier espacio. Perfecto para aquellos que buscan practicidad sin renunciar al estilo. Ideal para Cualquier evento, recepci\u00f3n, camerino, carpas, etc..","og_url":"https:\/\/lagreska.es\/ca\/alquiler-material\/nevera-stand\/","og_site_name":"La Greska Espectacles","article_modified_time":"2026-03-02T09:15:37+00:00","og_image":[{"width":603,"height":600,"url":"https:\/\/lagreska.es\/wp-content\/uploads\/2024\/06\/Nevera-Stand.jpg","type":"image\/jpeg"}],"twitter_card":"summary_large_image","twitter_misc":{"Temps estimat de lectura":"1 minut"},"schema":{"@context":"https:\/\/schema.org","@graph":[{"@type":"WebPage","@id":"https:\/\/lagreska.es\/alquiler-material\/nevera-stand\/","url":"https:\/\/lagreska.es\/alquiler-material\/nevera-stand\/","name":"Nevera stand - La Greska Espectacles","isPartOf":{"@id":"https:\/\/lagreska.es\/#website"},"primaryImageOfPage":{"@id":"https:\/\/lagreska.es\/alquiler-material\/nevera-stand\/#primaryimage"},"image":{"@id":"https:\/\/lagreska.es\/alquiler-material\/nevera-stand\/#primaryimage"},"thumbnailUrl":"https:\/\/lagreska.es\/wp-content\/uploads\/2024\/06\/Nevera-Stand.jpg","datePublished":"2024-06-11T09:29:46+00:00","dateModified":"2026-03-02T09:15:37+00:00","breadcrumb":{"@id":"https:\/\/lagreska.es\/alquiler-material\/nevera-stand\/#breadcrumb"},"inLanguage":"ca","potentialAction":[{"@type":"ReadAction","target":["https:\/\/lagreska.es\/alquiler-material\/nevera-stand\/"]}]},{"@type":"ImageObject","inLanguage":"ca","@id":"https:\/\/lagreska.es\/alquiler-material\/nevera-stand\/#primaryimage","url":"https:\/\/lagreska.es\/wp-content\/uploads\/2024\/06\/Nevera-Stand.jpg","contentUrl":"https:\/\/lagreska.es\/wp-content\/uploads\/2024\/06\/Nevera-Stand.jpg","width":603,"height":600},{"@type":"BreadcrumbList","@id":"https:\/\/lagreska.es\/alquiler-material\/nevera-stand\/#breadcrumb","itemListElement":[{"@type":"ListItem","position":1,"name":"Portada","item":"https:\/\/lagreska.es\/ca\/"},{"@type":"ListItem","position":2,"name":"Nevera stand"}]},{"@type":"WebSite","@id":"https:\/\/lagreska.es\/#website","url":"https:\/\/lagreska.es\/","name":"La Greska Espectacles","description":"Ag\u00e8ncia d&#039;animaci\u00f3 de festes i esdeveniments a Sabadell","publisher":{"@id":"https:\/\/lagreska.es\/#organization"},"potentialAction":[{"@type":"SearchAction","target":{"@type":"EntryPoint","urlTemplate":"https:\/\/lagreska.es\/?s={search_term_string}"},"query-input":{"@type":"PropertyValueSpecification","valueRequired":true,"valueName":"search_term_string"}}],"inLanguage":"ca"},{"@type":"Organization","@id":"https:\/\/lagreska.es\/#organization","name":"La Greska Espectacles","url":"https:\/\/lagreska.es\/","logo":{"@type":"ImageObject","inLanguage":"ca","@id":"https:\/\/lagreska.es\/#\/schema\/logo\/image\/","url":"https:\/\/lagreska.es\/wp-content\/uploads\/2024\/05\/logo.png","contentUrl":"https:\/\/lagreska.es\/wp-content\/uploads\/2024\/05\/logo.png","width":813,"height":307,"caption":"La Greska Espectacles"},"image":{"@id":"https:\/\/lagreska.es\/#\/schema\/logo\/image\/"}}]}},"taxonomy_info":{"material":[{"value":81,"label":"Catering"},{"value":122,"label":"Cocina - Servicio"},{"value":116,"label":"Fiestas"}]},"featured_image_src_large":["https:\/\/lagreska.es\/wp-content\/uploads\/2024\/06\/Nevera-Stand.jpg",603,600,false],"author_info":[],"comment_info":"","_links":{"self":[{"href":"https:\/\/lagreska.es\/ca\/wp-json\/wp\/v2\/alquiler-material\/6400","targetHints":{"allow":["GET"]}}],"collection":[{"href":"https:\/\/lagreska.es\/ca\/wp-json\/wp\/v2\/alquiler-material"}],"about":[{"href":"https:\/\/lagreska.es\/ca\/wp-json\/wp\/v2\/types\/alquiler-material"}],"version-history":[{"count":2,"href":"https:\/\/lagreska.es\/ca\/wp-json\/wp\/v2\/alquiler-material\/6400\/revisions"}],"predecessor-version":[{"id":9216,"href":"https:\/\/lagreska.es\/ca\/wp-json\/wp\/v2\/alquiler-material\/6400\/revisions\/9216"}],"wp:featuredmedia":[{"embeddable":true,"href":"https:\/\/lagreska.es\/ca\/wp-json\/wp\/v2\/media\/9218"}],"wp:attachment":[{"href":"https:\/\/lagreska.es\/ca\/wp-json\/wp\/v2\/media?parent=6400"}],"wp:term":[{"taxonomy":"material","embeddable":true,"href":"https:\/\/lagreska.es\/ca\/wp-json\/wp\/v2\/material?post=6400"}],"curies":[{"name":"wp","href":"https:\/\/api.w.org\/{rel}","templated":true}]}}

<p>Submergeix-te en la frescor constant amb la nevera estand. El disseny compacte i elegant el converteix en l&#039;opció ideal per a qualsevol espai. Perfecte per a aquells que cerquen practicitat sense renunciar a l&#039;estil. Ideal per a qualsevol esdeveniment, recepció, camerino, carpes, etc.</p>



<p></p>

<!-- This site is optimized with the Yoast SEO plugin v26.7 - https://yoast.com/wordpress/plugins/seo/ -->
<title>Nevera stand - La Greska Espectacles</title>
<meta name="robots" content="index, follow, max-snippet:-1, max-image-preview:large, max-video-preview:-1" />
<link rel="canonical" href="https://lagreska.es/ca/alquiler-material/nevera-stand/" />
<meta property="og:locale" content="ca_ES" />
<meta property="og:type" content="article" />
<meta property="og:title" content="Nevera stand - La Greska Espectacles" />
<meta property="og:description" content="Sumérgete en la frescura constante con la nevera estand. Su diseño compacto y elegante lo convierte en la opción ideal para cualquier espacio. Perfecto para aquellos que buscan practicidad sin renunciar al estilo. Ideal para Cualquier evento, recepción, camerino, carpas, etc.." />
<meta property="og:url" content="https://lagreska.es/ca/alquiler-material/nevera-stand/" />
<meta property="og:site_name" content="La Greska Espectacles" />
<meta property="article:modified_time" content="2026-03-02T09:15:37+00:00" />
<meta property="og:image" content="https://lagreska.es/wp-content/uploads/2024/06/Nevera-Stand.jpg" />
	<meta property="og:image:width" content="603" />
	<meta property="og:image:height" content="600" />
	<meta property="og:image:type" content="image/jpeg" />
<meta name="twitter:card" content="summary_large_image" />
<meta name="twitter:label1" content="Temps estimat de lectura" />
	<meta name="twitter:data1" content="1 minut" />
<script type="application/ld+json" class="yoast-schema-graph">{"@context":"https://schema.org","@graph":[{"@type":"WebPage","@id":"https://lagreska.es/alquiler-material/nevera-stand/","url":"https://lagreska.es/alquiler-material/nevera-stand/","name":"Nevera stand - La Greska Espectacles","isPartOf":{"@id":"https://lagreska.es/#website"},"primaryImageOfPage":{"@id":"https://lagreska.es/alquiler-material/nevera-stand/#primaryimage"},"image":{"@id":"https://lagreska.es/alquiler-material/nevera-stand/#primaryimage"},"thumbnailUrl":"https://lagreska.es/wp-content/uploads/2024/06/Nevera-Stand.jpg","datePublished":"2024-06-11T09:29:46+00:00","dateModified":"2026-03-02T09:15:37+00:00","breadcrumb":{"@id":"https://lagreska.es/alquiler-material/nevera-stand/#breadcrumb"},"inLanguage":"ca","potentialAction":[{"@type":"ReadAction","target":["https://lagreska.es/alquiler-material/nevera-stand/"]}]},{"@type":"ImageObject","inLanguage":"ca","@id":"https://lagreska.es/alquiler-material/nevera-stand/#primaryimage","url":"https://lagreska.es/wp-content/uploads/2024/06/Nevera-Stand.jpg","contentUrl":"https://lagreska.es/wp-content/uploads/2024/06/Nevera-Stand.jpg","width":603,"height":600},{"@type":"BreadcrumbList","@id":"https://lagreska.es/alquiler-material/nevera-stand/#breadcrumb","itemListElement":[{"@type":"ListItem","position":1,"name":"Portada","item":"https://lagreska.es/ca/"},{"@type":"ListItem","position":2,"name":"Nevera stand"}]},{"@type":"WebSite","@id":"https://lagreska.es/#website","url":"https://lagreska.es/","name":"La Greska Espectacles","description":"Agencia de animación de fiestas y eventos en Sabadell","publisher":{"@id":"https://lagreska.es/#organization"},"potentialAction":[{"@type":"SearchAction","target":{"@type":"EntryPoint","urlTemplate":"https://lagreska.es/?s={search_term_string}"},"query-input":{"@type":"PropertyValueSpecification","valueRequired":true,"valueName":"search_term_string"}}],"inLanguage":"ca"},{"@type":"Organization","@id":"https://lagreska.es/#organization","name":"La Greska Espectacles","url":"https://lagreska.es/","logo":{"@type":"ImageObject","inLanguage":"ca","@id":"https://lagreska.es/#/schema/logo/image/","url":"https://lagreska.es/wp-content/uploads/2024/05/logo.png","contentUrl":"https://lagreska.es/wp-content/uploads/2024/05/logo.png","width":813,"height":307,"caption":"La Greska Espectacles"},"image":{"@id":"https://lagreska.es/#/schema/logo/image/"}}]}</script>
<!-- / Yoast SEO plugin. -->

Sumérgete en la frescura constante con la nevera estand. Su diseño compacto y elegante lo convierte en la opción ideal para cualquier espacio. Perfecto para aquellos que buscan practicidad sin renunciar al estilo. Ideal para Cualquier evento, recepción, camerino, carpas, etc..

Agència d&#039;animació de festes i esdeveniments a Sabadell
